{"id":34370,"date":"2026-03-16T08:41:18","date_gmt":"2026-03-16T13:41:18","guid":{"rendered":"https:\/\/intep.edu.co\/portal\/?page_id=34370"},"modified":"2026-03-16T08:46:21","modified_gmt":"2026-03-16T13:46:21","slug":"admision-especializacion-en-agroecologia-y-desarrollo-sostenible","status":"publish","type":"page","link":"https:\/\/intep.edu.co\/portal\/admision-especializacion-en-agroecologia-y-desarrollo-sostenible\/","title":{"rendered":"Admisi\u00f3n &#8211; Especializaci\u00f3n en Agroecolog\u00eda y Desarrollo Sostenible"},"content":{"rendered":"","protected":false},"excerpt":{"rendered":"","protected":false},"author":4,"featured_media":0,"parent":0,"menu_order":0,"comment_status":"closed","ping_status":"closed","template":"","meta":{"_price":"","_stock":"","_tribe_ticket_header":"","_tribe_default_ticket_provider":"","_ticket_start_date":"","_ticket_end_date":"","_tribe_ticket_show_description":"","_tribe_ticket_show_not_going":false,"_tribe_ticket_use_global_stock":"","_tribe_ticket_global_stock_level":"","_global_stock_mode":"","_global_stock_cap":"","_tribe_rsvp_for_event":"","_tribe_ticket_going_count":"","_tribe_ticket_not_going_count":"","_tribe_tickets_list":"[]","_tribe_ticket_has_attendee_info_fields":false,"footnotes":"","_tec_slr_enabled":"","_tec_slr_layout":""},"class_list":["post-34370","page","type-page","status-publish","hentry"],"ticketed":false,"_links":{"self":[{"href":"https:\/\/intep.edu.co\/portal\/wp-json\/wp\/v2\/pages\/34370","targetHints":{"allow":["GET"]}}],"collection":[{"href":"https:\/\/intep.edu.co\/portal\/wp-json\/wp\/v2\/pages"}],"about":[{"href":"https:\/\/intep.edu.co\/portal\/wp-json\/wp\/v2\/types\/page"}],"author":[{"embeddable":true,"href":"https:\/\/intep.edu.co\/portal\/wp-json\/wp\/v2\/users\/4"}],"replies":[{"embeddable":true,"href":"https:\/\/intep.edu.co\/portal\/wp-json\/wp\/v2\/comments?post=34370"}],"version-history":[{"count":5,"href":"https:\/\/intep.edu.co\/portal\/wp-json\/wp\/v2\/pages\/34370\/revisions"}],"predecessor-version":[{"id":34526,"href":"https:\/\/intep.edu.co\/portal\/wp-json\/wp\/v2\/pages\/34370\/revisions\/34526"}],"wp:attachment":[{"href":"https:\/\/intep.edu.co\/portal\/wp-json\/wp\/v2\/media?parent=34370"}],"curies":[{"name":"wp","href":"https:\/\/api.w.org\/{rel}","templated":true}]}}