{"id":18056,"date":"2023-04-14T13:05:29","date_gmt":"2023-04-14T18:05:29","guid":{"rendered":"https:\/\/intep.edu.co\/portal\/?post_type=tribe_events&#038;p=18056"},"modified":"2023-04-14T13:05:29","modified_gmt":"2023-04-14T18:05:29","slug":"por-que-debemos-pensar-en-exportar-claves-para-llegar-a-los-mercados-internacionales-sin-morir-en-el-intento","status":"publish","type":"tribe_events","link":"https:\/\/intep.edu.co\/portal\/event\/por-que-debemos-pensar-en-exportar-claves-para-llegar-a-los-mercados-internacionales-sin-morir-en-el-intento\/","title":{"rendered":"\u00bfPor qu\u00e9 debemos pensar en exportar? Claves para llegar a los mercados internacionales sin morir en el intento"},"content":{"rendered":"<p><strong>Conferencista<\/strong>:\u00a0Jos\u00e9 Carlos Vera Valencia,\u00a0Profesional en Comercio Exterior de la Universidad del Valle,\u00a0Creador de Datos Comex.<\/p>\n<p><img loading=\"lazy\" decoding=\"async\" class=\"aligncenter\" src=\"https:\/\/intep.edu.co\/Es\/Usuarios\/Institucional\/Emprendimiento\/2023_1\/EMPRENDEINTEP_2023\/Conferencistas\/JoseCarlosVera.png\" alt=\"\" width=\"136\" height=\"172\" \/><\/p>\n<p>Profesional en Comercio Exterior de la Universidad del Valle, con m\u00e1s de 10 a\u00f1os de experiencia en importaciones y exportaciones. Cuenta con experiencia en negociaci\u00f3n internacional y ha participado en diferentes Ferias de Negocios en pa\u00edses como Chile, Per\u00fa, Panam\u00e1, Italia, adem\u00e1s de Colombia.<\/p>\n<p>Es el creador de Datos Comex, una comunidad que ya cuenta con m\u00e1s de 70.000 seguidores en redes sociales y en la que comparte contenido de valor sobre el Comercio Exterior, los Negocios Internacionales y la Log\u00edstica.<\/p>\n<p>Actualmente trabaja como Coordinador Comercial para la empresa Comercializadora Intercomex en la ciudad de Palmira; y tambi\u00e9n como coordinador de importaciones para la empresa Frutas Lam en la ciudad de Cali. Adicional, es consultor independiente en temas de Comercio Exterior.<\/p>\n<p><strong>Lugar<\/strong>: Auditorio Omar Rayo &#8211; INTEP.<\/p>\n","protected":false},"excerpt":{"rendered":"<p>Conferencista:\u00a0Jos\u00e9 Carlos Vera Valencia,\u00a0Profesional en Comercio Exterior de la Universidad del Valle,\u00a0Creador de Datos Comex. Profesional en Comercio Exterior de [&hellip;]<\/p>\n","protected":false},"author":4,"featured_media":17847,"template":"","meta":{"_price":"","_stock":"","_tribe_ticket_header":"","_tribe_default_ticket_provider":"","_ticket_start_date":"","_ticket_end_date":"","_tribe_ticket_show_description":"","_tribe_ticket_show_not_going":false,"_tribe_ticket_use_global_stock":"","_tribe_ticket_global_stock_level":"","_global_stock_mode":"","_global_stock_cap":"","_tribe_rsvp_for_event":"","_tribe_ticket_going_count":"","_tribe_ticket_not_going_count":"","_tribe_tickets_list":"[]","_tribe_ticket_has_attendee_info_fields":false,"_tribe_events_status":"","_tribe_events_status_reason":"","footnotes":"","_tec_slr_enabled":"","_tec_slr_layout":""},"tags":[],"tribe_events_cat":[189],"class_list":["post-18056","tribe_events","type-tribe_events","status-publish","has-post-thumbnail","hentry","tribe_events_cat-todos","cat_todos"],"ticketed":false,"_links":{"self":[{"href":"https:\/\/intep.edu.co\/portal\/wp-json\/wp\/v2\/tribe_events\/18056","targetHints":{"allow":["GET"]}}],"collection":[{"href":"https:\/\/intep.edu.co\/portal\/wp-json\/wp\/v2\/tribe_events"}],"about":[{"href":"https:\/\/intep.edu.co\/portal\/wp-json\/wp\/v2\/types\/tribe_events"}],"author":[{"embeddable":true,"href":"https:\/\/intep.edu.co\/portal\/wp-json\/wp\/v2\/users\/4"}],"version-history":[{"count":1,"href":"https:\/\/intep.edu.co\/portal\/wp-json\/wp\/v2\/tribe_events\/18056\/revisions"}],"predecessor-version":[{"id":18057,"href":"https:\/\/intep.edu.co\/portal\/wp-json\/wp\/v2\/tribe_events\/18056\/revisions\/18057"}],"wp:featuredmedia":[{"embeddable":true,"href":"https:\/\/intep.edu.co\/portal\/wp-json\/wp\/v2\/media\/17847"}],"wp:attachment":[{"href":"https:\/\/intep.edu.co\/portal\/wp-json\/wp\/v2\/media?parent=18056"}],"wp:term":[{"taxonomy":"post_tag","embeddable":true,"href":"https:\/\/intep.edu.co\/portal\/wp-json\/wp\/v2\/tags?post=18056"},{"taxonomy":"tribe_events_cat","embeddable":true,"href":"https:\/\/intep.edu.co\/portal\/wp-json\/wp\/v2\/tribe_events_cat?post=18056"}],"curies":[{"name":"wp","href":"https:\/\/api.w.org\/{rel}","templated":true}]}}

¿Por qué debemos pensar en exportar? Claves para llegar a los mercados internacionales sin morir en el intento

<p><strong>Conferencista</strong>: José Carlos Vera Valencia, Profesional en Comercio Exterior de la Universidad del Valle, Creador de Datos Comex.</p>
<p><img loading="lazy" decoding="async" class="aligncenter" src="https://intep.edu.co/Es/Usuarios/Institucional/Emprendimiento/2023_1/EMPRENDEINTEP_2023/Conferencistas/JoseCarlosVera.png" alt="" width="136" height="172" /></p>
<p>Profesional en Comercio Exterior de la Universidad del Valle, con más de 10 años de experiencia en importaciones y exportaciones. Cuenta con experiencia en negociación internacional y ha participado en diferentes Ferias de Negocios en países como Chile, Perú, Panamá, Italia, además de Colombia.</p>
<p>Es el creador de Datos Comex, una comunidad que ya cuenta con más de 70.000 seguidores en redes sociales y en la que comparte contenido de valor sobre el Comercio Exterior, los Negocios Internacionales y la Logística.</p>
<p>Actualmente trabaja como Coordinador Comercial para la empresa Comercializadora Intercomex en la ciudad de Palmira; y también como coordinador de importaciones para la empresa Frutas Lam en la ciudad de Cali. Adicional, es consultor independiente en temas de Comercio Exterior.</p>
<p><strong>Lugar</strong>: Auditorio Omar Rayo &#8211; INTEP.</p>

<p>Conferencista: José Carlos Vera Valencia, Profesional en Comercio Exterior de la Universidad del Valle, Creador de Datos Comex. Profesional en Comercio Exterior de [&hellip;]</p>
