{"id":18058,"date":"2023-04-14T13:07:28","date_gmt":"2023-04-14T18:07:28","guid":{"rendered":"https:\/\/intep.edu.co\/portal\/?post_type=tribe_events&#038;p=18058"},"modified":"2023-04-14T13:07:28","modified_gmt":"2023-04-14T18:07:28","slug":"regimen-sancionatorio-ambiental-ley-1333-del-2009","status":"publish","type":"tribe_events","link":"https:\/\/intep.edu.co\/portal\/event\/regimen-sancionatorio-ambiental-ley-1333-del-2009\/","title":{"rendered":"\u201cR\u00e9gimen Sancionatorio Ambiental\u2019 ley 1333 del 2009\u201d"},"content":{"rendered":"<p><strong>Conferencista:\u00a0<\/strong>CARLOS ANDRES ECHEVERRY RESTREPO,\u00a0Doctor en Regiones Sostenibles &#8211; Universidad Aut\u00f3noma de Occidente,\u00a0Mag\u00edster en Derecho &#8211; Universidad Externado de Colombia,\u00a0Especialista en Docencia Universitaria &#8211; Universidad Tecnol\u00f3gica de Pereira,\u00a0Abogado &#8211; Fundaci\u00f3n Universitaria del \u00c1rea Andina,\u00a0Administrador del Medio Ambiente &#8211; Universidad Tecnol\u00f3gica de Pereira.<\/p>\n<p><img decoding=\"async\" class=\"center-block img-responsive aligncenter\" src=\"https:\/\/intep.edu.co\/Es\/Usuarios\/Institucional\/Emprendimiento\/2023_1\/EMPRENDEINTEP_2023\/Conferencistas\/CarlosAndresEcheverry.png\" alt=\"\" \/><\/p>\n<p>Director de la Especializaci\u00f3n en Derecho Ambiental en la Universidad Javeriana Cali.<\/p>\n<p>PONTIFICIA UNIVERSIDAD JAVERIANA &#8211; PUJ &#8211; SEDE CALI, dedicaci\u00f3n: 40 horas semanales Enero de 2012 &#8211; hasta la actualidad.<\/p>\n<p>Red de Universidades P\u00fablicas del Eje Cafetero Alma Mater, dedicaci\u00f3n: 20 horas semanales Marzo de 2005 &#8211;\u00a0Junio de 2005 &#8211; hasta la actualidad.<\/p>\n<p>Empocabal, dedicaci\u00f3n: 15 horas semanales Noviembre de 2005 &#8211; Abril de 2006.<\/p>\n<p>Corporaci\u00f3n Aut\u00f3noma Regional De Risaralda &#8211; Carder, dedicaci\u00f3n: 10 horas semanales Septiembre de 2005 &#8211;\u00a0Abril de 2006.<\/p>\n<p>Gobernaci\u00f3n de Risaralda, dedicaci\u00f3n: 40 horas semanales Febrero de 2004 &#8211; Diciembre de 2004<\/p>\n<p><strong>Lugar:\u00a0<\/strong>Auditorio Omar Rayo &#8211; INTEP.<\/p>\n","protected":false},"excerpt":{"rendered":"<p>Conferencista:\u00a0CARLOS ANDRES ECHEVERRY RESTREPO,\u00a0Doctor en Regiones Sostenibles &#8211; Universidad Aut\u00f3noma de Occidente,\u00a0Mag\u00edster en Derecho &#8211; Universidad Externado de Colombia,\u00a0Especialista en [&hellip;]<\/p>\n","protected":false},"author":4,"featured_media":17942,"template":"","meta":{"_price":"","_stock":"","_tribe_ticket_header":"","_tribe_default_ticket_provider":"","_ticket_start_date":"","_ticket_end_date":"","_tribe_ticket_show_description":"","_tribe_ticket_show_not_going":false,"_tribe_ticket_use_global_stock":"","_tribe_ticket_global_stock_level":"","_global_stock_mode":"","_global_stock_cap":"","_tribe_rsvp_for_event":"","_tribe_ticket_going_count":"","_tribe_ticket_not_going_count":"","_tribe_tickets_list":"[]","_tribe_ticket_has_attendee_info_fields":false,"_tribe_events_status":"","_tribe_events_status_reason":"","footnotes":"","_tec_slr_enabled":"","_tec_slr_layout":""},"tags":[],"tribe_events_cat":[189],"class_list":["post-18058","tribe_events","type-tribe_events","status-publish","has-post-thumbnail","hentry","tribe_events_cat-todos","cat_todos"],"ticketed":false,"_links":{"self":[{"href":"https:\/\/intep.edu.co\/portal\/wp-json\/wp\/v2\/tribe_events\/18058","targetHints":{"allow":["GET"]}}],"collection":[{"href":"https:\/\/intep.edu.co\/portal\/wp-json\/wp\/v2\/tribe_events"}],"about":[{"href":"https:\/\/intep.edu.co\/portal\/wp-json\/wp\/v2\/types\/tribe_events"}],"author":[{"embeddable":true,"href":"https:\/\/intep.edu.co\/portal\/wp-json\/wp\/v2\/users\/4"}],"version-history":[{"count":1,"href":"https:\/\/intep.edu.co\/portal\/wp-json\/wp\/v2\/tribe_events\/18058\/revisions"}],"predecessor-version":[{"id":18059,"href":"https:\/\/intep.edu.co\/portal\/wp-json\/wp\/v2\/tribe_events\/18058\/revisions\/18059"}],"wp:featuredmedia":[{"embeddable":true,"href":"https:\/\/intep.edu.co\/portal\/wp-json\/wp\/v2\/media\/17942"}],"wp:attachment":[{"href":"https:\/\/intep.edu.co\/portal\/wp-json\/wp\/v2\/media?parent=18058"}],"wp:term":[{"taxonomy":"post_tag","embeddable":true,"href":"https:\/\/intep.edu.co\/portal\/wp-json\/wp\/v2\/tags?post=18058"},{"taxonomy":"tribe_events_cat","embeddable":true,"href":"https:\/\/intep.edu.co\/portal\/wp-json\/wp\/v2\/tribe_events_cat?post=18058"}],"curies":[{"name":"wp","href":"https:\/\/api.w.org\/{rel}","templated":true}]}}

“Régimen Sancionatorio Ambiental’ ley 1333 del 2009”

<p><strong>Conferencista: </strong>CARLOS ANDRES ECHEVERRY RESTREPO, Doctor en Regiones Sostenibles &#8211; Universidad Autónoma de Occidente, Magíster en Derecho &#8211; Universidad Externado de Colombia, Especialista en Docencia Universitaria &#8211; Universidad Tecnológica de Pereira, Abogado &#8211; Fundación Universitaria del Área Andina, Administrador del Medio Ambiente &#8211; Universidad Tecnológica de Pereira.</p>
<p><img decoding="async" class="center-block img-responsive aligncenter" src="https://intep.edu.co/Es/Usuarios/Institucional/Emprendimiento/2023_1/EMPRENDEINTEP_2023/Conferencistas/CarlosAndresEcheverry.png" alt="" /></p>
<p>Director de la Especialización en Derecho Ambiental en la Universidad Javeriana Cali.</p>
<p>PONTIFICIA UNIVERSIDAD JAVERIANA &#8211; PUJ &#8211; SEDE CALI, dedicación: 40 horas semanales Enero de 2012 &#8211; hasta la actualidad.</p>
<p>Red de Universidades Públicas del Eje Cafetero Alma Mater, dedicación: 20 horas semanales Marzo de 2005 &#8211; Junio de 2005 &#8211; hasta la actualidad.</p>
<p>Empocabal, dedicación: 15 horas semanales Noviembre de 2005 &#8211; Abril de 2006.</p>
<p>Corporación Autónoma Regional De Risaralda &#8211; Carder, dedicación: 10 horas semanales Septiembre de 2005 &#8211; Abril de 2006.</p>
<p>Gobernación de Risaralda, dedicación: 40 horas semanales Febrero de 2004 &#8211; Diciembre de 2004</p>
<p><strong>Lugar: </strong>Auditorio Omar Rayo &#8211; INTEP.</p>

<p>Conferencista: CARLOS ANDRES ECHEVERRY RESTREPO, Doctor en Regiones Sostenibles &#8211; Universidad Autónoma de Occidente, Magíster en Derecho &#8211; Universidad Externado de Colombia, Especialista en [&hellip;]</p>
