{"id":31795,"date":"2025-11-16T21:42:22","date_gmt":"2025-11-17T02:42:22","guid":{"rendered":"https:\/\/intep.edu.co\/portal\/?post_type=tribe_events&#038;p=31795"},"modified":"2025-11-16T22:10:20","modified_gmt":"2025-11-17T03:10:20","slug":"uniendo-nuestra-imagen-6ta-version","status":"publish","type":"tribe_events","link":"https:\/\/intep.edu.co\/portal\/event\/uniendo-nuestra-imagen-6ta-version\/","title":{"rendered":"UNIENDO NUESTRA IMAGEN \u2013 6ta Versi\u00f3n"},"content":{"rendered":"<div class=\"xdj266r x14z9mp xat24cr x1lziwak x1vvkbs x126k92a\">\n<div dir=\"auto\">Este semestre, el espacio creativo se fortalece m\u00e1s que nunca. \u00a1Hemos llegado a la 6ta edici\u00f3n de la Feria de Dise\u00f1o \u00abUniendo Nuestra Imagen\u00bb<\/div>\n<\/div>\n<div class=\"x14z9mp xat24cr x1lziwak x1vvkbs xtlvy1s x126k92a\">\n<div dir=\"auto\"><span class=\"html-span xexx8yu xyri2b x18d9i69 x1c1uobl x1hl2dhg x16tdsg8 x1vvkbs x3nfvp2 x1j61x8r x1fcty0u xdj266r xat24cr xm2jcoa x1mpyi22 xxymvpz xlup9mm x1kky2od\"><img loading=\"lazy\" decoding=\"async\" class=\"xz74otr x15mokao x1ga7v0g x16uus16 xbiv7yw\" src=\"https:\/\/static.xx.fbcdn.net\/images\/emoji.php\/v9\/t2d\/1\/16\/1f4cd.png\" alt=\"\ud83d\udccd\" width=\"16\" height=\"16\" \/><\/span> Lugar: Campus del INTEP<\/div>\n<div dir=\"auto\"><span class=\"html-span xexx8yu xyri2b x18d9i69 x1c1uobl x1hl2dhg x16tdsg8 x1vvkbs x3nfvp2 x1j61x8r x1fcty0u xdj266r xat24cr xm2jcoa x1mpyi22 xxymvpz xlup9mm x1kky2od\"><img loading=\"lazy\" decoding=\"async\" class=\"xz74otr x15mokao x1ga7v0g x16uus16 xbiv7yw\" src=\"https:\/\/static.xx.fbcdn.net\/images\/emoji.php\/v9\/td8\/1\/16\/1f39f.png\" alt=\"\ud83c\udf9f\ufe0f\" width=\"16\" height=\"16\" \/><\/span> Entrada Libre<\/div>\n<\/div>\n<div class=\"x14z9mp xat24cr x1lziwak x1vvkbs xtlvy1s x126k92a\">\n<div dir=\"auto\">Ven y disfruta de las creaciones art\u00edsticas y proyectos transversales realizados por los estudiantes.<\/div>\n<div dir=\"auto\"><span class=\"html-span xexx8yu xyri2b x18d9i69 x1c1uobl x1hl2dhg x16tdsg8 x1vvkbs x3nfvp2 x1j61x8r x1fcty0u xdj266r xat24cr xm2jcoa x1mpyi22 xxymvpz xlup9mm x1kky2od\"><img loading=\"lazy\" decoding=\"async\" class=\"xz74otr x15mokao x1ga7v0g x16uus16 xbiv7yw\" src=\"https:\/\/static.xx.fbcdn.net\/images\/emoji.php\/v9\/tb2\/1\/16\/1f468_200d_1f393.png\" alt=\"\ud83d\udc68\u200d\ud83c\udf93\" width=\"16\" height=\"16\" \/><\/span> Organizadores: Estudiantes de 3er semestre del Programa T\u00e9cnico Profesional en Expresi\u00f3n Gr\u00e1fica y Digital.<\/div>\n<div dir=\"auto\"><span class=\"html-span xexx8yu xyri2b x18d9i69 x1c1uobl x1hl2dhg x16tdsg8 x1vvkbs x3nfvp2 x1j61x8r x1fcty0u xdj266r xat24cr xm2jcoa x1mpyi22 xxymvpz xlup9mm x1kky2od\"><img loading=\"lazy\" decoding=\"async\" class=\"xz74otr x15mokao x1ga7v0g x16uus16 xbiv7yw\" src=\"https:\/\/static.xx.fbcdn.net\/images\/emoji.php\/v9\/t3c\/1\/16\/1f4a1.png\" alt=\"\ud83d\udca1\" width=\"16\" height=\"16\" \/><\/span> \u00a1Te esperamos para celebrar el talento y la innovaci\u00f3n<\/div>\n<\/div>\n","protected":false},"excerpt":{"rendered":"<p>Este semestre, el espacio creativo se fortalece m\u00e1s que nunca. \u00a1Hemos llegado a la 6ta edici\u00f3n de la Feria de [&hellip;]<\/p>\n","protected":false},"author":6,"featured_media":31796,"template":"","meta":{"_price":"","_stock":"","_tribe_ticket_header":"","_tribe_default_ticket_provider":"","_ticket_start_date":"","_ticket_end_date":"","_tribe_ticket_show_description":"","_tribe_ticket_show_not_going":false,"_tribe_ticket_use_global_stock":"","_tribe_ticket_global_stock_level":"","_global_stock_mode":"","_global_stock_cap":"","_tribe_rsvp_for_event":"","_tribe_ticket_going_count":"","_tribe_ticket_not_going_count":"","_tribe_tickets_list":"[]","_tribe_ticket_has_attendee_info_fields":false,"_tribe_events_status":"","_tribe_events_status_reason":"","footnotes":"","_tec_slr_enabled":"","_tec_slr_layout":""},"tags":[],"tribe_events_cat":[189],"class_list":["post-31795","tribe_events","type-tribe_events","status-publish","has-post-thumbnail","hentry","tribe_events_cat-todos","cat_todos"],"ticketed":false,"_links":{"self":[{"href":"https:\/\/intep.edu.co\/portal\/wp-json\/wp\/v2\/tribe_events\/31795","targetHints":{"allow":["GET"]}}],"collection":[{"href":"https:\/\/intep.edu.co\/portal\/wp-json\/wp\/v2\/tribe_events"}],"about":[{"href":"https:\/\/intep.edu.co\/portal\/wp-json\/wp\/v2\/types\/tribe_events"}],"author":[{"embeddable":true,"href":"https:\/\/intep.edu.co\/portal\/wp-json\/wp\/v2\/users\/6"}],"version-history":[{"count":1,"href":"https:\/\/intep.edu.co\/portal\/wp-json\/wp\/v2\/tribe_events\/31795\/revisions"}],"predecessor-version":[{"id":31797,"href":"https:\/\/intep.edu.co\/portal\/wp-json\/wp\/v2\/tribe_events\/31795\/revisions\/31797"}],"wp:featuredmedia":[{"embeddable":true,"href":"https:\/\/intep.edu.co\/portal\/wp-json\/wp\/v2\/media\/31796"}],"wp:attachment":[{"href":"https:\/\/intep.edu.co\/portal\/wp-json\/wp\/v2\/media?parent=31795"}],"wp:term":[{"taxonomy":"post_tag","embeddable":true,"href":"https:\/\/intep.edu.co\/portal\/wp-json\/wp\/v2\/tags?post=31795"},{"taxonomy":"tribe_events_cat","embeddable":true,"href":"https:\/\/intep.edu.co\/portal\/wp-json\/wp\/v2\/tribe_events_cat?post=31795"}],"curies":[{"name":"wp","href":"https:\/\/api.w.org\/{rel}","templated":true}]}}

UNIENDO NUESTRA IMAGEN – 6ta Versión

<div class="xdj266r x14z9mp xat24cr x1lziwak x1vvkbs x126k92a">
<div dir="auto">Este semestre, el espacio creativo se fortalece más que nunca. ¡Hemos llegado a la 6ta edición de la Feria de Diseño «Uniendo Nuestra Imagen»</div>
</div>
<div class="x14z9mp xat24cr x1lziwak x1vvkbs xtlvy1s x126k92a">
<div dir="auto"><span class="html-span xexx8yu xyri2b x18d9i69 x1c1uobl x1hl2dhg x16tdsg8 x1vvkbs x3nfvp2 x1j61x8r x1fcty0u xdj266r xat24cr xm2jcoa x1mpyi22 xxymvpz xlup9mm x1kky2od"><img loading="lazy" decoding="async" class="xz74otr x15mokao x1ga7v0g x16uus16 xbiv7yw" src="https://static.xx.fbcdn.net/images/emoji.php/v9/t2d/1/16/1f4cd.png" alt="📍" width="16" height="16" /></span> Lugar: Campus del INTEP</div>
<div dir="auto"><span class="html-span xexx8yu xyri2b x18d9i69 x1c1uobl x1hl2dhg x16tdsg8 x1vvkbs x3nfvp2 x1j61x8r x1fcty0u xdj266r xat24cr xm2jcoa x1mpyi22 xxymvpz xlup9mm x1kky2od"><img loading="lazy" decoding="async" class="xz74otr x15mokao x1ga7v0g x16uus16 xbiv7yw" src="https://static.xx.fbcdn.net/images/emoji.php/v9/td8/1/16/1f39f.png" alt="🎟️" width="16" height="16" /></span> Entrada Libre</div>
</div>
<div class="x14z9mp xat24cr x1lziwak x1vvkbs xtlvy1s x126k92a">
<div dir="auto">Ven y disfruta de las creaciones artísticas y proyectos transversales realizados por los estudiantes.</div>
<div dir="auto"><span class="html-span xexx8yu xyri2b x18d9i69 x1c1uobl x1hl2dhg x16tdsg8 x1vvkbs x3nfvp2 x1j61x8r x1fcty0u xdj266r xat24cr xm2jcoa x1mpyi22 xxymvpz xlup9mm x1kky2od"><img loading="lazy" decoding="async" class="xz74otr x15mokao x1ga7v0g x16uus16 xbiv7yw" src="https://static.xx.fbcdn.net/images/emoji.php/v9/tb2/1/16/1f468_200d_1f393.png" alt="👨‍🎓" width="16" height="16" /></span> Organizadores: Estudiantes de 3er semestre del Programa Técnico Profesional en Expresión Gráfica y Digital.</div>
<div dir="auto"><span class="html-span xexx8yu xyri2b x18d9i69 x1c1uobl x1hl2dhg x16tdsg8 x1vvkbs x3nfvp2 x1j61x8r x1fcty0u xdj266r xat24cr xm2jcoa x1mpyi22 xxymvpz xlup9mm x1kky2od"><img loading="lazy" decoding="async" class="xz74otr x15mokao x1ga7v0g x16uus16 xbiv7yw" src="https://static.xx.fbcdn.net/images/emoji.php/v9/t3c/1/16/1f4a1.png" alt="💡" width="16" height="16" /></span> ¡Te esperamos para celebrar el talento y la innovación</div>
</div>

<p>Este semestre, el espacio creativo se fortalece más que nunca. ¡Hemos llegado a la 6ta edición de la Feria de [&hellip;]</p>
